be (1 - 9)/(3/(-42)). Calculate the greatest common divisor of z and 28.
28
Suppose -14*i + 17*i - 42 = 0. Calculate the greatest common divisor of i and 112.
14
Suppose -n + 3*h = 2*n - 267, 3*n + 5*h - 275 = 0. What is the highest common divisor of 60 and n?
30
Let r be (-2 + 1)/((-5)/10). Suppose 19 + 7 = r*t. Calculate the highest common factor of 26 and t.
13
Let j be (-1)/1 + (-3 - -6). Suppose 2*v = -4*q - 30, -3*v + v = j. Let k(c) = c**2 + 8*c + 8. Let d be k(q). What is the highest common factor of d and 3?
1
Suppose -4*g + 3*g = 4*c - 13, 0 = -5*g - 4*c + 33. What is the greatest common divisor of g and 125?
5
Let x(w) = -w**3 + 4*w**2 + 2*w - 2. Let v be x(2). Let r be -6 + v - (-2 - 0). Calculate the highest common factor of r and 2.
2
Let a(q) = 20*q**2 + 2*q + 9. Let g(s) = -7*s**2 - s - 3. Let j(m) = 6*a(m) + 17*g(m). Let h be j(6). What is the highest common factor of 81 and h?
9
Let y(q) = 20*q**3 + 3*q**2 - 4*q + 2. Let r be y(1). Calculate the highest common factor of r and 14.
7
Let g = 136 + -31. What is the greatest common divisor of 15 and g?
15
Suppose x + 4*l - 8 = 0, 2*x = -6*l + 2*l + 20. Let b be (-2)/(0 + (-1)/24). What is the greatest common factor of b and x?
12
Let t be ((-14)/4)/((-8)/(-16)). Let f be (24/21 + -2)*t. What is the greatest common factor of 48 and f?
6
Let d be 1 - 9/3 - -40. Let c = -13 + d. What is the highest common factor of 200 and c?
25
Suppose -3*m + 52 = -2. What is the greatest common factor of m and 72?
18
Let x = -15 + 54. What is the greatest common factor of x and 26?
13
Let a = -57 - -63. What is the greatest common factor of 6 and a?
6
Let u(w) = 2*w - 4. Let t be u(3). Suppose 0 = t*p + p - 48. Suppose -3*j - j = -3*d + p, -3*j = 3*d - 9. Calculate the greatest common factor of d and 4.
4
Let t(v) = 2*v + 2. Suppose -23 = 8*m - 4*m - 5*l, m + l = 1. Let n = m - -5. Let s be t(n). Calculate the highest common factor of s and 8.
8
Let m(g) = 2*g**2 - 3*g - 2. Let i be m(-3). Let d = -419 + 619. Calculate the highest common factor of i and d.
25
Let f be -1*1/((-1)/11). What is the highest common factor of 33 and f?
11
Suppose p - 42 = -6. What is the highest common divisor of p and 90?
18
Let s be (-6)/(-2*6/544). Calculate the greatest common factor of 34 and s.
34
Suppose 0 = -5*q + 2*a + 160, 3*a - 14 - 82 = -3*q. What is the highest common factor of q and 48?
16
Let o = -6 - 0. Let j(v) = -v**2 - 8*v - 9. Let p be j(o). Let l = -12 - -14. What is the highest common factor of p and l?
1
Let a = -16 - -27. What is the greatest common divisor of a and 121?
11
Let a(g) = 44*g - 52. Let p be a(5). Calculate the greatest common divisor of 24 and p.
24
Let a(u) = 6*u - 14. Let r be a(4). What is the highest common factor of 60 and r?
10
Let w = 4 - 1. Let s be w/(-6)*-4 - 0. Suppose 3*b - 2*h - 36 = 0, -s*b - 2*h + 24 = b. Calculate the greatest common factor of 100 and b.
10
Suppose 6*b - 3*m - 54 = 2*b, -52 = -4*b + 2*m. What is the greatest common divisor of 192 and b?
12
Let z(h) = -21*h - 3. Let n be z(-1). Let g = -72 + 270. What is the highest common factor of n and g?
18
Let n be -276*(-4 + 10/3). Let v = -80 + n. Let t be (-53)/(-4) + 2/(-8). What is the highest common factor of v and t?
13
Let w(k) = -40*k + 8. Suppose 36 = -4*o - 4. Let f be w(o). Suppose 4*r - f = r. What is the greatest common divisor of 17 and r?
17
Let s be 5/((-5)/(-8)) + 3. Let n be (60/25)/(1/110*3). What is the highest common divisor of n and s?
11
Let k = -20 + 21. Let d(f) = f. Let p be d(3). Let q = k + p. What is the greatest common factor of q and 10?
2
Let o(j) be the second derivative of -j**4/12 + 5*j**3/3 - 2*j**2 - 2*j. Let b be o(6). Calculate the greatest common divisor of 10 and b.
10
Let r = 111 + -108. What is the highest common divisor of r and 4?
1
Let t = -141 + 417. What is the greatest common divisor of 12 and t?
12
Let p be 10/(-20) + 30/4. Let f be 43 + 7/(p/(-4)). Calculate the highest common factor of 26 and f.
13
Suppose -o = 3*r - 6, 0 = -4*r - 5 - 11. What is the greatest common divisor of 45 and o?
9
Suppose -5*w = -4*k - 144, -4*k + 22 = 4*w - 86. Let r(p) = -5*p - 133. Let i be r(-35). Calculate the highest common factor of w and i.
14
Suppose -24 = -3*z - 3*s, s - 16 = -2*z - 4*s. Let v be -1 - (-43 - 2)/5. Let l be (z/(-6))/(v/(-84)). What is the greatest common divisor of 70 and l?
14
Suppose 4*f - 3*v + 0*v = -4, 16 = f - 5*v. Let x = -2 - f. Calculate the greatest common factor of 16 and x.
2
Let r be (-958)/(-8) + (-2)/(-8). Suppose -2*n = -4*n + r. Let z = -95 - -135. Calculate the greatest common factor of n and z.
20
Suppose 3*n - 2 = 52. Let y(q) = -q**2 + 13*q + 9. Let f(b) = -1. Let i(w) = 6*f(w) + y(w). Let h be i(6). Calculate the greatest common factor of h and n.
9
Let j = -67 - -74. Calculate the greatest common divisor of 1 and j.
1
Suppose -2*r = -10, g + 0 + 15 = 4*r. What is the greatest common divisor of 45 and g?
5
Let y be ((-10)/(-8))/((-13)/(-1040)). Suppose -y = -2*f - 2*f. Calculate the highest common divisor of 25 and f.
25
Suppose 9*t - 216 = -0*t. Calculate the greatest common factor of 84 and t.
12
Let j(i) = 2*i + 67. Let p be j(-29). What is the highest common factor of p and 81?
9
Let x = -2 - -18. Calculate the highest common factor of x and 4.
4
Let m be (-12)/(-5) + (-6)/15. Suppose 5*s - m*h + 2 = 2*s, -5*h = 3*s + 16. Let d be (s/5)/(5/(-150)). Calculate the greatest common divisor of 60 and d.
12
Suppose 3*u = 5*l + 194, l = u - 6*u + 342. Calculate the highest common divisor of 51 and u.
17
Let j = 42 - 28. What is the greatest common factor of 42 and j?
14
Let m be (-3)/6 - (-6)/4. Let g be 2/5 - 48/20. Let q = g - -3. What is the greatest common divisor of q and m?
1
Let t = 2 - 0. Let j be 46 - -4*(-1)/t. Calculate the highest common factor of 66 and j.
22
Suppose k = -4*d + 4, -k + 2 = 5*d - 2. Let u be 2*2/12*3. Calculate the highest common factor of k and u.
1
Suppose 3*b - 51 = 141. Suppose -2*j + 47 - 15 = 0. What is the greatest common divisor of j and b?
16
Let x = -6 - -9. Let i be (-2)/x - (-74)/3. What is the greatest common factor of 12 and i?
12
Let z(m) = -3*m**2 + 7*m - 1. Let o(b) = b**2 - 2*b. Let a(h) = -11*o(h) - 4*z(h). Let g be a(6). Calculate the highest common factor of g and 20.
4
Let f = -11 - -25. Let q be 284/f + (-14)/49. What is the highest common factor of q and 4?
4
Let d = -56 - -212. What is the greatest common factor of 26 and d?
26
Let p(j) = j**2 + 2*j + 28. Suppose -7*b = -3*b. Let r be p(b). Calculate the highest common factor of r and 14.
14
Suppose 5*b - 5 = 5. Let n be (-12)/b + -2 + 4. Let a(v) = -v**3 - 4. Let f be a(n). Calculate the greatest common divisor of 15 and f.
15
Suppose 0 = -p + 2*p - 6. Let q be -2 - 0 - -28 - 2. What is the greatest common divisor of q and p?
6
Let k(x) = x**2 + 6*x - 4. Let c be k(-7). Let n be (-15)/(-6)*(9 - c). What is the greatest common divisor of n and 45?
15
Let q(z) = -2*z + 11. Let y be q(9). Let f = y + 13. Let c be ((-2)/(-3)*f)/2. What is the greatest common factor of 2 and c?
2
Suppose 0*x = x - 3*b - 11, 4*x - 4*b = 68. Suppose 3*k = -3*a + 15, k - 5*k + 4*a + x = 0. Calculate the greatest common factor of 10 and k.
5
Let m be (-2)/((-4)/(-8) - 1). What is the greatest common divisor of 4 and m?
4
Let p = -1 + 10. Let w be (-3)/9 - (-8)/(-12). Let h be (1/(-2))/(w/2). Calculate the greatest common factor of h and p.
1
Let b(u) = -8*u + 4. Let n be b(-4). Calculate the greatest common divisor of 12 and n.
12
Let q be ((-1)/(-3))/(7 + (-836)/120). Calculate the highest common factor of q and 50.
10
Suppose -4*v = n - 2*n - 176, n = 0. Calculate the highest common factor of 44 and v.
44
Let z(i) = -i**3 + 15*i**2 + 16*i + 11. Let k be z(16). Calculate the greatest common factor of 44 and k.
11
Let n = 7 + -1. Let o = 6 + -4. Let x be 13/o + 3/n. Calculate the highest common factor of 14 and x.
7
Suppose -4*o + 12 = -3*o. What is the highest common divisor of 30 and o?
6
Suppose 2*m = 5*t + 66, -2*t + 0*t = -3*m + 88. Let u = -57 + 141. What is the greatest common divisor of m and u?
28
Let a be 2 + 30/(-6) + 1 + 83. What is the greatest common factor of a and 54?
27
Let r be 120/((2/(-2))/(-1)). Let t = 2 - 1. Let w = 14 + t. What is the 